f -p**5/60 + p**4/6 + p**3/6 + 24*p**2 - 23*p. Let c(z) be the first derivative of w(z). What is c(2)?
5
Let d = 7 + -4. Let z = -297 - -301. Let a(t) = -z*t**2 - 9 + 6 + 3*t**2 + t + 5. Give a(d).
-4
Let j(w) be the second derivative of -w**3/3 + w**2 + 4*w. Suppose 0 = r - 2 - 3. Let v(z) = z**3 - 3*z**2 - 9*z - 11. Let n be v(r). Determine j(n).
14
Let b(z) = -9*z + 186. Let x(w) = 5*w - 85. Let n(p) = 6*b(p) + 13*x(p). Determine n(4).
55
Let m(c) = -2*c**2 + 19*c + 98. Let d = 12549 + -12536. Determine m(d).
7
Suppose -i = -2, 50*z - 46*z = -4*i - 12. Let t(q) be the third derivative of q**5/60 + 3*q**4/8 - q**3/3 - 2*q**2. Determine t(z).
-22
Let w be 11/(-2)*112/(-308). Let i(z) = -8*z + 8*z**3 - 47*z**w + 13 - 2*z**3 - 7*z**3 + 37*z**2. What is i(-9)?
4
Let c(x) be the first derivative of 1/4*x**4 + 7*x - 38 - 1/2*x**2 + x**3. Give c(-4).
-5
Let y(q) = 13*q**3 - 40*q**2 + 61*q + 78. Let f(d) = 10*d**3 - 38*d**2 + 60*d + 80. Let g(a) = -4*f(a) + 3*y(a). Determine g(30).
4
Let y(l) = 10*l**2 - 1. Let f(a) = a - 24. Let s be ((-10)/45 - (-201)/(-27))*-3. Let c be f(s). Determine y(c).
9
Let s(j) = j**3 - 9*j**2 + 3*j - 23. Let f = 6166 + -6157. Give s(f).
4
Suppose 6*k - s - 145 = 3*k, -3*s - 12 = 0. Suppose 25 = -24*b - k. Let u(h) = h**3 + 5*h**2 + 1. Calculate u(b).
19
Let i(w) = w**3 - 4*w**2 - 4. Let h(r) = -408*r**2 - 53*r - 413*r**2 + 829*r**2 + 5*r + 3. Let y be h(6). What is i(y)?
-13
Let l(c) be the third derivative of c**5/60 - c**4/6 + 7*c**3/6 + 66*c**2 + 2. Let k = 8 + -2. Give l(k).
19
Let o(t) = -73467*t**2 + 208 + 59*t - 22*t + 73466*t**2. Give o(42).
-2
Let h(o) = -7*o**3 - 15*o**2 - o - 10. Let p(q) = -3*q**3 - 7*q**2 - q - 5. Let u be 1*10*6/(-12). Let f(a) = u*p(a) + 2*h(a). Calculate f(-5).
-10
Suppose 40 - 34 = 2*g. Let h(y) = -13 - 2*y + g*y + 11. Give h(5).
3
Suppose -8*t - 4*t + 60 = 0. Suppose x - 2*x = 4*q - 15, q + 33 = t*x. Let g(h) = 5*h + 28 - 29 + 3*h + x*h. Give g(1).
14
Let z(y) = -5*y**3 - 3*y**2 + 4*y - 27. Let p(m) = -29*m**3 - 18*m**2 + 22*m - 160. Let u(r) = -4*p(r) + 23*z(r). Determine u(-3).
7
Let p(o) be the second derivative of o**4/3 + 8*o**3/3 + 7*o**2/2 + 9*o - 42. Determine p(-4).
7
Let c(d) = -d + 49. Let j = 187 - 152. What is c(j)?
14
Suppose 0 = 2*y - 7 + 33. Let o(z) = 1 + 173*z + 179*z - 6*z**2 - 5*z**2 - 339*z + 12*z**2. Calculate o(y).
1
Let k(l) = 6*l**2 - 393*l - 393. Let f be k(-1). Let v(d) = d**2 - d - 7. What is v(f)?
23
Let c(k) be the first derivative of 224 + 3*k**2 - k**2 - 33*k - 43*k + 86*k. Calculate c(-8).
-22
Let w be (1 - 20/12)*15/(-5). Let j(p) = -p + 12 - 14*p**2 + 13*p**2 + w*p. Determine j(0).
12
Suppose 2*c - 125 = 5*u, 2*u = c + c - 56. Let j = u + 68. Suppose j - 48 = h. Let y(b) = b**3 + 4*b**2 + 3*b - 1. Give y(h).
-1
Let m(u) = u**2 + 15*u - 19. Let z(g) = g**2 + 15*g - 19. Let c(a) = -6*m(a) + 7*z(a). Let o(h) = h**3 - 59*h**2 + 104*h + 554. Let n be o(57). Give c(n).
-3
Let f(r) = -2*r**2 + 8*r - 5. Suppose -438*v - 282 = -532*v. Give f(v).
1
Let q(p) = -p**3 + 4*p**2 + 8*p + 17. Let d be q(6). Let o(h) be the second derivative of h**4/12 + 2*h**3/3 - 3*h**2/2 - 38*h. Give o(d).
18
Let p(w) = -5*w**3 + 53*w**2 + 86*w + 89. Let g(l) = -11*l**3 + 108*l**2 + 173*l + 182. Let y(t) = -6*g(t) + 13*p(t). Determine y(-39).
-13
Let d be 24/(-18)*(-18)/8. Let g(u) = -6*u - u**d - 8*u**2 - 2675 - 2671 + 5361. Give g(-7).
8
Let t(m) = 18*m + 5. Let j be t(-5). Let o be 24/(-60) + (-5)/(125/j). Let p(u) be the second derivative of -u**5/20 + u**4/6 + u**3/2 - 2*u**2 - u. Give p(o).
-4
Let r(d) = -2*d**2 + 6*d - 3. Let c(s) = -s**3 - 4*s**2 + 11*s - 5. Let g(x) = -4*c(x) + 7*r(x). Suppose 16*w - 5*w = -814. Let n = -76 - w. What is g(n)?
-21
Suppose -52 - 28 = -4*c. Let z(m) = -4*m + 8. Let l be z(2). Suppose -2*s + 4*j - c = l, 0*s + j = 2*s + 14. Let i(b) = 4*b + 9. Determine i(s).
-15
Let w(o) = -76*o**2 - 11*o + 2*o + 91*o**2 + 298 - o**3 - 360. What is w(14)?
8
Let x(k) be the third derivative of k**6/10 - k**4/6 + 2*k**3/3 - 70*k**2. Let i(g) = -g**3 + g - 1. Let o(v) = -4*i(v) - x(v). What is o(1)?
-8
Let h(f) be the second derivative of f**5/10 + 13*f**4/12 - 5*f**3/3 + 3*f**2/2 + 5*f - 189. What is h(-7)?
24
Let u be 130/15*6/4. Let q = u + -8. Let x(o) = -12*o**2 + o + 2. Let n(r) = -r**3 - 7*r**2 + 4*r - 1. Let v(m) = -n(m) + x(m). What is v(q)?
-12
Let p(x) = 3*x**2 - 2*x**2 + 35*x - 142 - 95 + 291. Calculate p(-33).
-12
Let w(b) be the second derivative of -b**3/6 - 3*b**2 + 469*b + 13. Suppose 26 = 2*n + 2. Let q be (1/2)/((-1)/n). Give w(q).
0
Suppose -20 = -3*z - 5*h, 2*h + 7 = 4*z - 11. Let f(s) = 4*s + z + 2*s - 7 - 3*s + 4*s**2. Determine f(2).
20
Let y(x) = -5*x**2 - 9*x - 16. Let o(i) = 4*i**2 + 7*i + 11. Let u(l) = -7*o(l) - 5*y(l). What is u(-4)?
-29
Let n(w) = w**3 - 12*w**2 + 11*w + 2. Suppose 12 = -4*l - p + 32, 0 = 5*p - 20. Let s be (0 + -3 + l)*11. Determine n(s).
2
Let u(q) = 34*q - 7*q + 5 + 4*q**2 - 8*q - 17*q - q**2. Calculate u(-5).
70
Let r(b) be the third derivative of b**5/30 - b**4/8 - 3*b**3 - 1106*b**2. Give r(5).
17
Let a(p) be the first derivative of p**2 + 1 + 1/4*p**4 + 4/3*p**3 + 0*p. Let u(i) = -3*i**2 + 16*i + 16. Let q be u(-1). Determine a(q).
3
Let l(n) = -13*n**3 - 28*n**2 + 35*n + 4. Let w(j) = -2*j**3 + j + 1. Let i(o) = -l(o) + 6*w(o). Give i(-29).
2
Let o(p) = -4*p**2 + 15*p - 28. Let a(k) = -2*k**2 + k - 6. Let q(d) = 3*a(d) - o(d). Give q(-9).
-44
Suppose -391 = 12*s + 11*s. Let n(l) = -l**3 - 16*l**2 + 16*l - 16. Let j be n(s). Let k(i) = 16*i + 1. Determine k(j).
17
Let y(c) = -c**2 + 8*c - 17. Suppose 8700 = g + 8698. Calculate y(g).
-5
Let h(x) = 2018*x - 1011*x - 1008*x - x**2. Suppose -5*g - 5*s = 10, s + 8 = -3*g - 4. What is h(g)?
-20
Let k be (-2)/12 + ((-69)/(-12))/((-43)/(946/33)). Let y(r) = -r**2 - r - 1. Let x(f) = f**3 + 6*f**2 + 3*f + 4. Let g(v) = -x(v) - 3*y(v). Calculate g(k).
15
Let i(k) be the second derivative of -k**6/180 + k**5/20 + 53*k**4/4 + 159*k. Let j(b) be the third derivative of i(b). Calculate j(3).
-6
Suppose d = c + 4*d + 5, 0 = 5*c - 3*d - 29. Suppose 4*i = -g - 14, -2*g + 0*g + c*i + 20 = 0. Let t(h) = -197*h + 1 + 25*h + 175*h. Calculate t(g).
7
Let x(t) be the first derivative of -3*t + 1/4*t**4 - t**2 + 7/3*t**3 + 68. Suppose -26 = 5*j + 9. Determine x(j).
11
Let n(x) = -x**2 + 13*x + 69. Let a(b) = 333*b - 3313. Let i be a(10). Give n(i).
1
Let l = 53 + 6. Let a = l - 62. Let k(w) = 3*w**2 + 7*w - 1. Let h be k(a). Let r(u) = -u**2 + 6*u + 4. Determine r(h).
9
Let s(u) = 2*u**2 - 12*u - 6. Let c = 7547 + -7540. Calculate s(c).
8
Let g(i) = -17*i + 643 + i**3 - 614 - 83*i**2 + 74*i**2. Give g(10).
-41
Let d = -2627 + 2618. Let u(p) = 12*p + 114. Give u(d).
6
Suppose -3 - 12 = -36*x + 21. Let g(p) = 13*p**2 + p. Give g(x).
14
Let g = 11 + -9. Let y(o) be the first derivative of -66 - 1/4*o**4 + o + 4/3*o**3 - 3/2*o**2. What is y(g)?
3
Let v(p) = -2*p**3 - 64*p**2 - 3*p - 64. Let d(g) = 7*g**2 - 140*g + 101. Let b be d(19). Give v(b).
32
Suppose -78*y + 87*y = 0. Suppose 3*u + 2*c + 10 = y, c = 3*u - 5*u - 8. Let t(l) = 5*l + 35. Let r(k) = -k - 7. Let w(d) = 11*r(d) + 2*t(d). What is w(u)?
-1
Let r = 375 + -387. Let i be (r/(-5))/((-202)/(-505)). Let o(x) = x**2 - 7*x + 4. Determine o(i).
-2
Let i = 37844 + -37831. Let l(f) = -f**2 + 19*f + 10. Give l(i).
88
Let t(q) = -q**2 - 51*q + 148. Let n be t(3). Let x(u) = -u**2 - 14*u + 13. Determine x(n).
13
Let c(g) be the first derivative of -5*g**3/3 - g + 46. Let l be (20/(-50))/(3/15). Calculate c(l).
-21
Let j(h) = h + 6. Suppose -3*a = -p - 2645, 2*a - 2174 = -p - 414. Suppose x = 881 - a. Determine j(x).
6
Suppose 38*o = 1377 - 1301. Let t(w) be the first derivative of 9*w**2/2 + w + 4. What is t(o)?
19
Let j(r) = 19*r**3 + 41*r**2 - 41*r + 28. Let m(t) = 12*t**3 + 27*t**2 - 27*t + 19. Let w(b) = -7*j(b) + 11*m(b). Determine w(9).
4
Let w(k) be the first derivative of -k**2/2 - 7*k + 24. Suppose -8*t + 3*t = -65. Suppose -3*u - t = -1. What is w(u)?
-3
Let i(j) = j**2 - 18*j - 1. Let a(g) = 3*g - 2. Let r(b) = -3*a(b) - i(b). Calculate r(8).
15
Let v(s) = -s**2 + 17*s - 79. Suppose -119*w + 115*w + 20 = b, -4*b = -4*w. Calculate v(w).
-27
Suppose 12598 - 13734 = 71*f. Let b(c) = 11*c + 189. Calculate b(f).
13
Let o(p) =